r of y and 8?
1
Let j be 252*9/(108/8). Calculate the greatest common factor of j and 14.
14
Let a = -1 + -7. Suppose -63 = 3*s - 4*s. Let v = a + s. What is the greatest common factor of v and 5?
5
Let l(t) = -4 + 1 - 1 + 3 - 2*t. Let x be l(-2). Suppose 0 = -2*q + 5*w + 39, 0 = -5*q - 5*w + x*w + 25. What is the greatest common divisor of q and 35?
7
Suppose 5*p - 9*p + 8 = 0. Suppose 3*q + g - 50 = 0, 0*q - 83 = -5*q - p*g. What is the highest common divisor of q and 68?
17
Suppose -2*j = m + m - 98, -3*m = 2*j - 150. Calculate the greatest common factor of 32 and m.
4
Let d = 42 + -35. Suppose 85 = z - d. What is the highest common factor of z and 23?
23
Suppose -6*z + 208 = -884. Let f = -17 + z. What is the highest common factor of f and 66?
33
Suppose 137*q - 21924 = 79*q. What is the highest common factor of 216 and q?
54
Suppose 0*m - m + a + 17 = 0, -3*m - 4*a = -23. Let z(b) = -12*b**3 + b**2. Let c be z(-1). What is the highest common factor of m and c?
13
Let u = 717 + -269. Calculate the highest common factor of 14 and u.
14
Suppose 2 + 4 = 2*c. Suppose 95 - 38 = c*q. What is the highest common divisor of q and 76?
19
Suppose 15 + 118 = -7*x. Let o(k) = 9*k - 18. Let i be o(x). Let f = i - -284. What is the highest common divisor of f and 38?
19
Let s = 0 + 0. Suppose 4*k - 20 = 0, -7*k = -4*l - 5*k + 602. Suppose -4*o + 71 + l = s. What is the greatest common factor of o and 7?
7
Suppose -p = 4*l - 15, -3*l - 4*p = -4*l + 25. What is the greatest common factor of l and 10?
5
Let h = 9 + -4. Let k(t) = t**3 + 73*t**2 - 60*t + 1061. Let d be k(-74). What is the greatest common factor of h and d?
5
Let o(a) = 2*a**2 - 3*a - 5. Let l be o(3). Suppose 0 = -l*r + 8, -3*z - 52 = -5*z + 4*r. Calculate the highest common divisor of 10 and z.
10
Let b(u) = 4*u - 2 + u - u**2 + 5. Let v be b(4). Let z be -3*(-20)/(-12) - -6. Calculate the greatest common divisor of z and v.
1
Let t = -218 + 243. What is the highest common factor of 1 and t?
1
Let r be 4/(-12) + (-8648)/(-69). Calculate the greatest common divisor of 5 and r.
5
Let c be (3 - 0) + 22 + 2 + -4. Let h(m) = 15*m**2 - 2*m + 3. Let y be h(5). Suppose -2*x + 0*x + y = 0. Calculate the greatest common divisor of x and c.
23
Suppose -6*w + 10 + 2 = 0. Suppose 27 = w*d - 5. What is the greatest common factor of d and 32?
16
Suppose -361 = -2*y - 5*o + 443, 3*o = 12. What is the highest common factor of y and 56?
56
Let u(o) = o**3 + 15*o**2 - o - 13. Let r be u(-15). Let l be r*-2 - (4 - 27). Calculate the highest common divisor of l and 209.
19
Let x(w) = -w - 3. Let g be x(-3). Let f = -28 + 42. Let y be f - (g/(-3) + 2). Calculate the highest common factor of y and 36.
12
Let n(u) = -u + 4. Let y be n(4). Suppose -2*k - 10 = y, -3*i - 2*i + 4*k + 200 = 0. Suppose -37 + 1 = -3*d. Calculate the greatest common factor of d and i.
12
Let g(u) = -u**3 + 6*u**2 + 5*u + 9. Let s be g(7). Let o = s - -10. Suppose 7*f = -5*f + 12. What is the greatest common divisor of o and f?
1
Let z(j) = 5*j**3 - 34*j**2 - 5*j - 6. Let m be z(7). Calculate the greatest common divisor of m and 254.
2
Suppose 0*q + 2*q = -2*v - 2, 5*v = 3*q + 27. Let y be (v - 25/15)*(22 + -1). What is the greatest common divisor of 112 and y?
28
Suppose -p + 150 = 5*o, 0 = 5*o - 10*p + 14*p - 135. Calculate the greatest common factor of o and 403.
31
Suppose h + 96 = -283. Let s = h - -632. What is the greatest common factor of 23 and s?
23
Let c = -102 + 67. Let v = c + 39. What is the highest common divisor of v and 3?
1
Let n be (210/(-9))/(-5)*-3. Let p(l) = -l - 4. Let z be p(n). What is the greatest common factor of 10 and z?
10
Let h be ((-58)/6 + 7)/((-8)/2292). What is the greatest common divisor of 4 and h?
4
Suppose 4*y - 5 = -1. Let n be (0 - y)/((-10)/(-10)). Let j be (12/8)/(n/(-50)). Calculate the highest common divisor of j and 50.
25
Suppose -5*d + 41*d = 112320. Calculate the highest common divisor of 12 and d.
12
Suppose 5*o - 12 = j + 2*j, 0 = 3*o - 3*j - 6. Suppose -2*b = -2*v - 123 - 35, -243 = -o*b - 3*v. Calculate the greatest common divisor of 16 and b.
16
Suppose 5*u - 348 = 2727. What is the highest common divisor of u and 30?
15
Let r(f) = -f**2 - 17*f - 17. Let d be r(-12). Let n = d + -40. Suppose 10 = 2*v - 2. Calculate the highest common factor of v and n.
3
Let a(c) = -c**2 - 19*c - 6. Let b be 0 + (1 - 17 - 0). Let d be a(b). What is the highest common divisor of d and 28?
14
Let l(r) = 34*r**2 - 40*r - 122. Let s be l(-3). What is the highest common factor of s and 114?
38
Let h = -534 - -536. Let v be 14/(-5)*(-21 - -1). Suppose -4*u + 0*k + v = -3*k, -h*k = 5*u - 93. What is the greatest common factor of u and 85?
17
Let y = 16 + 20. Let s(c) = c**2 - 5*c - 4. Let l be s(-3). Suppose l = 3*k - 16. What is the highest common factor of k and y?
12
Suppose -731 + 80 = -21*c. What is the greatest common divisor of 775 and c?
31
Let p(g) = -2*g. Let d be p(-3). Suppose -7*m - 4*m = -66. What is the greatest common factor of m and d?
6
Let d(k) = -6*k + 52. Let t be d(7). What is the highest common divisor of t and 25?
5
Let a = -826 - -865. What is the greatest common factor of a and 416?
13
Let o be 5 + -5 + (2 - 0). Let r be o/11 - 2636/(-22). Suppose -8 = 2*v - 48. Calculate the highest common factor of r and v.
20
Suppose -z = 3*u + 24, 0 = -u - u - 4. Let s be 4/z - (-281)/9. What is the highest common divisor of 124 and s?
31
Suppose 3*w - 1 = 8. Suppose -f + 4*b = -52, 3 = -w*f + 2*b + 109. Calculate the greatest common factor of 80 and f.
16
Suppose -3*p = -6, 181 = -2*b - 4*p + 861. Calculate the highest common factor of 42 and b.
42
Let t = 2 + 0. Suppose -i + 7 = t*d, -4*d - 1 = -2*i + 5. Suppose -i*f + 616 = -104. Calculate the highest common divisor of 18 and f.
18
Let d = 79 - -649. What is the highest common factor of d and 26?
26
Suppose 2*q - 5*h - 85 = 0, -h + 112 = 3*q + 10. Let r = 1340 + -1333. What is the greatest common divisor of q and r?
7
Let k be 3/((-9)/(-2))*36. Suppose 4*i + 2*o - 8 = 0, -2*o = -4*i + 7 + 9. Suppose -a + 0*a + i = 0. Calculate the highest common factor of k and a.
3
Let b = 37 - 5. Let o = b + -28. Calculate the highest common factor of o and 64.
4
Suppose -f - f = -10. Suppose -3*b = -4 - f. Let t be b + (54 - 9/(-3)). What is the highest common divisor of t and 12?
12
Let r(p) = 5*p**2 - 282*p - 4. Let x be r(58). What is the highest common factor of x and 20?
20
Suppose -2*h + 5*k = -0*k - 43, 27 = h + 3*k. What is the highest common divisor of 264 and h?
24
Let m = 79 + -76. Let u be (5 + (m - -70))*(-1)/(-3). Let z be 238/6 + 4/(-6). Calculate the highest common factor of z and u.
13
Let y be 66/((-9)/(-3)) + 0. Let l = -129 - -184. Calculate the greatest common divisor of y and l.
11
Suppose x - 752 = 102. Calculate the highest common divisor of 28 and x.
14
Suppose -456 = 4*n - 1672. Calculate the highest common factor of 32 and n.
16
Let f = -587 - -663. Calculate the greatest common divisor of 76 and f.
76
Let x = -195 + 255. What is the greatest common factor of 20 and x?
20
Suppose -p - p - 90 = 0. Let q be p/30 - (-3)/2. Suppose q = -3*h - 33 + 150. Calculate the greatest common factor of 26 and h.
13
Let l be (-2)/((-6)/(-441)) - 3. Let z be (24/10)/(10/l). Let n = z + 58. Calculate the greatest common factor of 154 and n.
22
Suppose 0 = 5*t - 5*r + 40, -4*t - 5*r + 4 = -0. Let q be t*(-28)/(-6)*-6. What is the greatest common factor of q and 14?
14
Suppose 3*r + 323 - 440 = 0. What is the highest common factor of 143 and r?
13
Suppose 22 = 3*u + 5*m, 5*m - 4 = -2*u + u. Let w be u/(-3)*(-104)/12. Suppose 0 = -3*q - q + 156. Calculate the greatest common factor of w and q.
13
Suppose 2*t - 2*g + 373 = 411, 5*t - 104 = -4*g. What is the greatest common factor of 65 and t?
5
Let a = -131 + 209. Suppose -7*z = -a - 62. Let o(k) = k**3 + 2*k**2 - 2*k - 2. Let g be o(2). Calculate the greatest common factor of z and g.
10
Suppose -16*h - 136 = -12*h. Suppose u - 71 - 42 = 5*j, j = 3*u - 17. Let w = j - h. What is the greatest common factor of 33 and w?
11
Let w(i) = 9*i - 99. Let n be w(21). What is the greatest common factor of n and 135?
45
Suppose -5*m = 5*z - 4*z - 1699, 2*m - 681 = z. Calculate the highest common divisor of 6